(-1)/34).
15
Suppose 29*l + 13 = 30*l. What is the remainder when l is divided by 5?
3
Suppose 3*c = n + 10 - 3, 0 = -3*c + 12. Suppose n*s - 109 = 106. What is the remainder when s is divided by 15?
13
Suppose -4*i - 29 + 129 = 0. Let j = -67 + i. Let g = 1 - j. What is the remainder when g is divided by 15?
13
Let i be 6/9 + 8/(-3). Let d(k) = -13*k + 2. Calculate the remainder when d(i) is divided by 10.
8
Let l = 14 + -15. Calculate the remainder when 30 is divided by (l/3)/(1/(-33)).
8
Let q(h) = -5*h**2 - 1 - 16*h - h**3 + 6*h + 6*h. What is the remainder when q(-5) is divided by 7?
5
Let w be 4/10 - (-926)/10. Let b = w + -63. What is the remainder when b is divided by 8?
6
Let i(x) = x**2 - 10*x + 13. Let c be 0 - (-3 + -6 + -2). Calculate the remainder when 70 is divided by i(c).
22
Let h = -3 - -8. Suppose 5*o - 13 = -2*q + 2*o, -h*q - 5*o + 45 = 0. What is the remainder when 26 is divided by q?
12
Suppose -4*a + 9*a = 2*r + 70, 0 = 3*a - r - 41. Calculate the remainder when 46 is divided by a.
10
Suppose -1 + 9 = 4*i. Let x = i - 1. Suppose 0 = 4*p - 3*p - x. Calculate the remainder when 2 is divided by p.
0
Suppose 5*c = 4*c + 25. Suppose -6*b + c = -b. Let s = 34 + b. Calculate the remainder when s is divided by 20.
19
Let p = 47 + 58. Calculate the remainder when p is divided by 55.
50
Let o(s) = s**2 + 9*s + 17. Let z(q) = -q + 1. Let l(i) = -o(i) + 6*z(i). Calculate the remainder when l(-10) is divided by (7*-1)/(8/(-16)).
11
Suppose 3*n = -0*n + 21. Suppose 0*m + 12 = -2*m. Let b = n + m. Calculate the remainder when 2 is divided by b.
0
Let l(f) = 18*f**3 - 2*f**2 - f. Let w be l(-1). Let s = -18 - w. Calculate the remainder when 3 is divided by s.
0
Suppose -3*b - 4*g + 96 = b, -2*b - 5*g = -48. Calculate the remainder when 46 is divided by b.
22
Suppose -5*a = -o + 15, 0 = -5*o + 5*a + 15 + 100. Calculate the remainder when 97 is divided by o.
22
Suppose 139 = 5*p + 4*d, 3*d - 5*d + 56 = 2*p. What is the remainder when p is divided by 17?
10
Suppose -2*x + 3*x = 3. Suppose 0 = -3*m - x*c - 2*c + 6, 5*m = -c + 10. What is the remainder when 4 is divided by 3/(-2 + (5 - m))?
1
Let r(p) = p**3 - 8*p**2 + 8*p + 4. Calculate the remainder when 32 is divided by r(7).
10
Let w(y) = -2*y - 10. Let d be w(-7). Let o be 1 - ((-1)/(-1) + d). Calculate the remainder when (4/(-2))/(o/22) is divided by 6.
5
Let g be -18*-2*(-8)/3. Calculate the remainder when (-2)/(-2 + g/(-50)) is divided by 9.
7
Let p(q) be the third derivative of q**6/120 - q**4/12 + 2*q**3/3 + 6*q**2. Calculate the remainder when p(3) is divided by 7.
4
Let y be 1/(-3) + (-7)/(-3). What is the remainder when (7 - (3 - 2)) + y is divided by 5?
3
Suppose 8 = 4*b, -q + 2*b + 15 = 4*b. Calculate the remainder when 41 is divided by q.
8
Suppose -28 = -4*m - 4*n, 0*m - 3*m + 23 = 5*n. Calculate the remainder when (3/2)/(m/104) is divided by 7.
5
Suppose 12*k - 11*k - 58 = 0. What is the remainder when k is divided by 15?
13
Let f = 2 - 0. Let d = f + 3. Suppose 2*v - v - 3*s = 25, -5*v + 4*s = -81. Calculate the remainder when v is divided by d.
3
Let v = -50 + 35. Let j = 13 - v. Calculate the remainder when j is divided by 10.
8
Suppose 0 = -5*s - 4*c + 77, -4*c + 0*c = -12. Calculate the remainder when 38 is divided by s.
12
Let y(c) = -7*c + 3. Calculate the remainder when y(-8) is divided by 21.
17
Suppose 0 = -k - 4*d + 127, -3*d = -k + 24 + 103. Suppose -5*c = -2*g + 84, -2*c + 44 + 44 = 3*g. What is the remainder when k is divided by g?
31
Suppose -2*u + h + h + 64 = 0, -3*h = -12. What is the remainder when u is divided by 14?
8
Let b(p) be the third derivative of -p**4/12 - 3*p**3/2 + 2*p**2. Suppose 2*r + 7 = r. Calculate the remainder when b(r) is divided by 2.
1
Suppose 3*j - 7*z = -3*z + 1004, 1287 = 4*j + 5*z. What is the remainder when j is divided by 30?
28
Let f be -2 + -1 + (4 - -2). Suppose 4*s - f*w + 38 = 107, 4*s = -5*w + 45. Calculate the remainder when 58 is divided by s.
13
Suppose 2*j - j = 30. Let p(z) = z**3 + 7*z**2 + 5*z + 1. Let x be p(-6). Let n = 9 + x. What is the remainder when j is divided by n?
14
Let a(b) = 10*b**2 + 3*b + 12. What is the remainder when a(-3) is divided by 32?
29
Let k = 3 + 4. Let x = -12 - -15. Calculate the remainder when k is divided by x.
1
Suppose -5*f = 5*l - 55, 3*l + 0*f - f - 49 = 0. Calculate the remainder when 27 is divided by l.
12
Let o = 3 + 9. Suppose m - 38 = -o. What is the remainder when 75 is divided by m?
23
Suppose -8 = f - 0*f + 2*w, -5*f = -3*w + 40. Let t = 13 + f. Suppose t*c - 101 + 21 = 0. What is the remainder when 47 is divided by c?
15
Let s = -12 + 9. Calculate the remainder when 25 - (-2 - s - 2) is divided by 7.
5
Suppose 0*q + 4*q = 56. Calculate the remainder when 55 is divided by q.
13
Let z(q) be the third derivative of q**5/30 - 5*q**4/24 + q**3/2 + q**2. Calculate the remainder when 3/(-4 - -4 - 6/(-34)) is divided by z(3).
5
Suppose -o = -0 + 4, 70 = 5*n - 5*o. Let y(a) = -a**3 + 9*a**2 + 12*a - 11. Calculate the remainder when 33 is divided by y(n).
6
Suppose 5*k + p = 10*k - 427, 5*k = -4*p + 417. What is the remainder when k is divided by 43?
42
Let a(g) = -2*g**2 - 4*g + 4. Let c(l) = -3*l**2 - 5*l + 5. Let q(m) = 5*a(m) - 4*c(m). What is the remainder when 4 is divided by q(-1)?
0
Let a = -9 - -19. Calculate the remainder when a is divided by 6.
4
Let g = -25 - -42. Suppose 0 = 2*z - 7 - g. Let h(n) = -n**3 + 6*n**2 + 3*n - 1. Calculate the remainder when h(3) is divided by z.
11
Let r(p) = -3*p - 2. Let a be (-1)/(3/(-6)) - 7. What is the remainder when 38 is divided by r(a)?
12
Let u = 24 + -10. Suppose 5*p - 130 = -0*p. What is the remainder when p is divided by u?
12
Suppose 7*q = -105 + 287. Calculate the remainder when 72 is divided by q.
20
Let p(t) = t**2 - 3*t + 4. Let i(r) = 2*r - 1. Let m be i(2). Suppose -m*j + 4*w = -16, -w - 4*w - 1 = j. Calculate the remainder when p(j) is divided by 5.
3
Suppose -2*d + 0*d = -8. Suppose -d = w - 1. Calculate the remainder when (-4)/(-6) + (-67)/w is divided by 8.
7
Suppose -5*d = -10, 2*b + 3*d = 5*d + 42. Calculate the remainder when 91 is divided by b.
22
Suppose 5*x - 3*y = 22 + 22, -50 = -5*x + 5*y. Calculate the remainder when 27 is divided by x.
6
Let k(p) = -p**3 - 5*p**2 + 5*p + 1. Let h be k(-6). Let r = 15 - h. Let s = 1 + r. What is the remainder when 25 is divided by s?
7
Let t be 1 + (-1 - 2) + 59. Suppose -2*v - t = -5*v. Let c(p) = -p**3 - 2*p**2 + 5. What is the remainder when c(-4) is divided by v?
18
Suppose -9 = -3*f + 2*f. Let i = 6 - 4. Suppose j = -i*j + f. What is the remainder when 4 is divided by j?
1
Suppose -5*v + 5*i = -30, 4*v - i = v + 10. Suppose 0 = 2*d + v*d - 52. Suppose -4*t - 3 = k - 18, 2*k - 10 = 2*t. What is the remainder when d is divided by k?
6
Let h(o) = 2*o**2 - 4*o + 6. Calculate the remainder when h(3) is divided by 5.
2
Let t(l) = -73*l + 10. What is the remainder when t(-2) is divided by 10?
6
Let s = -23 + 21. What is the remainder when s/(-9) + 2443/63 is divided by 14?
11
Let g be 3*(0 - (-1)/3). Let l(o) = -4*o + 9*o - g + 11*o. What is the remainder when 59 is divided by l(1)?
14
Let m be 7 + 1/2*4. Suppose 0*j = j - m. Calculate the remainder when 16 is divided by j.
7
Suppose -7*t + 142 - 107 = 0. Let g(n) = 2*n**3 - 4*n**2 + 3*n - 3. Calculate the remainder when g(3) is divided by t.
4
Suppose q + 0*q - 6 = -j, 3*j - 30 = q. Suppose -j = -2*i - i. Calculate the remainder when 5 is divided by i.
2
Let s = 47 + -25. Suppose 64 + 44 = 3*a. Suppose -5*x + 356 = 2*o + a, 320 = 5*x + 4*o. Calculate the remainder when x is divided by s.
20
Calculate the remainder when 5 is divided by (-546)/(-143) - 2/(-11).
1
What is the remainder when 99/12 + (-3)/12 is divided by 6?
2
Suppose 0 = -8*p + 11*p - 45. Calculate the remainder when 40 is divided by p.
10
Suppose h - 129 = -5*k + 27, -2*h = -4*k + 136. What is the remainder when k is divided by 6?
2
Let v be 9*(-2)/(-2 + 0). Let f = v - 5. Suppose f*i + 0*i = 120. What is the remainder when i is divided by 11?
8
Suppose 73 = 7*q - 95. What is the remainder when 92 is divided by q?
20
Suppose -z - 3 = -4. Let n(l) = 3*l. Let c be n(z). Suppose 3*y - c*x - 141 = 0, 5*y - 2*x - 2*x - 230 = 0. What is the remainder when y is div